 h(d) = -d**3 - 8*d**2 + 9*d - 11. Let j be h(-8). Let g = j - -192. Is g a composite number?
False
Let z(r) = r**2 - r - 1. Let g(m) = -m**3 + 2*m**2 + 4*m - 4. Let j be g(3). Let v be z(j). Let c(f) = 83*f. Is c(v) composite?
False
Let z = -71 - -7. Let m be (116/16)/((-2)/8). Let o = m - z. Is o prime?
False
Let q = -6 - -10. Let j = q - -1. Suppose i + j = 84. Is i a composite number?
False
Let v = -54 + 109. Is v a composite number?
True
Let f(c) = 7*c**3 + c + 2. Is f(3) a prime number?
False
Is (-34972)/56*(-4)/2 a composite number?
False
Suppose -4*m - 2*p = -42, -m + 3*m - 5*p + 9 = 0. Let a(g) = 3 + 3 + 6*g**2 + 0 - 5 - 7*g. Is a(m) composite?
True
Let f = 513 - 350. Is f prime?
True
Suppose 0 = -4*o + 5 + 3. Let z(l) = l**3 - 5*l**2 - 2*l + 10. Let i be z(5). Suppose 4*y - o*d - 46 = i, 2*y + 2*d = 5*d + 17. Is y a prime number?
True
Suppose 2*v + 5*q - 243 - 774 = 0, 0 = -5*v - 3*q + 2590. Is v a prime number?
True
Let r = 13 + -9. Suppose 0 = r*p + 5*a - 91, -4*p + 6*p = 3*a + 29. Suppose -4*k + 2 = 2*i, -4*i - 5*k - 6 = -p. Is i a prime number?
True
Let l = -26 + 36. Let c be (12/10)/(2/l). Suppose 3*b = c*b - 21. Is b a prime number?
True
Let u = 1313 - -2978. Is u a composite number?
True
Suppose -268 = 4*t - 0*t. Let b = 101 + t. Is b a composite number?
True
Let s be (-26)/(-7) + 26/91. Suppose -4*o + 12 = -3*o - 2*p, 5*p = -s*o + 113. Is o a prime number?
False
Suppose -9 = -6*m + 33. Is m composite?
False
Suppose -b = -5*d + d + 1050, 3*d = -4*b + 797. Is d a prime number?
True
Let x be -3*1/(6/(-4)). Suppose 2*o - 3*o = -3*m - 97, 3*o - x*m - 284 = 0. Suppose c = 4*w - o, -c - 3 = -1. Is w a prime number?
True
Let t = -1 + 4. Suppose 2*b - 3*m = -4*m + t, 2*b = 2*m - 12. Is ((-51)/(-2))/(b/(-2)) a composite number?
True
Suppose 8 = 3*b - 7. Suppose -217 = -2*v - b*o + 91, -3*o = 6. Is v prime?
False
Suppose -3*x - 605 = -4*b, b + 2*x - 170 = -x. Suppose d + b = 6*d. Is d a composite number?
False
Is (-2)/(-3)*199353/44*2 a prime number?
False
Suppose -397 = -3*q + 599. Let z be 2/7 + 1998/14. Suppose 5*h - z = q. Is h composite?
True
Suppose 4*o - 2*o = 76. Let z = -1 + o. Is z a composite number?
False
Let t(x) = -x**3 + 28*x**2 - 10*x - 10. Let u(h) = -9*h**2 + 3*h + 3. Let q(n) = 2*t(n) + 7*u(n). Is q(-7) a prime number?
True
Let z = 3500 + -2281. Suppose 2*h = -10, 3*l - z = -l + 3*h. Is l composite?
True
Let f = -8 - -10. Suppose 0 = f*b + 22 - 84. Is b composite?
False
Suppose -9*h + 787 = -8*h. Is h composite?
False
Suppose -b - 4*b + 6130 = 0. Is b composite?
True
Let a be ((-1)/(-3))/((-7)/(-126)). Suppose 0 = -a*y + 544 + 746. Is y prime?
False
Let y(t) = -t + 4. Let g be y(2). Suppose -g*v + q + 4 + 6 = 0, -4*v - 4 = 4*q. Let p = 16 + v. Is p a composite number?
False
Suppose 0 = -i + 853 - 170. Is i a composite number?
False
Is ((-11538)/24)/((-3)/4) composite?
False
Let i(f) = f**2 - 10 - 10*f**2 + f**3 + 0*f**2 + 7*f. Is i(9) composite?
False
Suppose 7 = a + 2. Suppose 2*c - s = 109, -a*c = -0*s + 3*s - 256. Is c a prime number?
True
Let u be 10850/40 - 2/8. Suppose 3*n = -4*b + u, 5*n + 0*b - 2*b - 443 = 0. Is n composite?
False
Let c = -126 - -328. Is c composite?
True
Suppose -2675 + 427 = -4*y. Let z = -371 + y. Is z a composite number?
False
Suppose 6 = 3*v, 134 = -2*f + 5*v + 524. Let u = f + -37. Is u a prime number?
True
Let v be (8/(-5))/((-2)/5). Suppose -v*t = 12 - 4. Let x(l) = -18*l + 1. Is x(t) composite?
False
Let o(j) = j**2 + 4*j - 7. Let m be o(-6). Suppose -c - c = t - 183, 930 = m*t + 5*c. Suppose 4*r + t = 5*y, 7*r + 114 = 3*y + 4*r. Is y a prime number?
True
Let f(m) = -257*m - 2. Is f(-3) composite?
False
Suppose -4*m + f + 16 = 0, -2*f = 4*m - 3*m - 13. Suppose -8*o + 57 = -5*o - 5*p, -m*o + 5*p = -95. Suppose -2*a - o = -4*u + u, -u - 5*a = -12. Is u composite?
False
Suppose -5*d + 13 + 7 = 0. Suppose -2*w + d*l + 26 = 0, -w - 2*w + l + 34 = 0. Is w a composite number?
False
Let q(y) = 7*y**3 + 7*y**2 + 10*y + 4. Let f(k) = -11*k**3 - 10*k**2 - 15*k - 6. Let c(w) = -5*f(w) - 8*q(w). Is c(-7) composite?
True
Let y(z) = -10*z + 2. Let u(v) = -3*v - 2. Let i be u(-2). Suppose 3 = i*n - 2*l + 5, -n = -4*l - 10. Is y(n) composite?
True
Let x(j) = j**3 - 5*j**2 + 6*j - 3. Let g be x(4). Let q = g + -2. Is q composite?
False
Suppose -s + 12 = n + 2*s, -4*n - 4*s = -24. Is (n/(-6))/(1/(-74)) prime?
True
Let z(d) = 137*d + 3. Let y(b) = 206*b + 4. Let w(r) = -5*y(r) + 7*z(r). Let l be w(-3). Suppose -4*a = -l + 18. Is a composite?
True
Let x(n) be the second derivative of -3*n - 4/3*n**3 - 5/2*n**2 + 0 - 1/12*n**4. Is x(-4) prime?
True
Suppose -17 = -10*j + 5*j + 3*r, 0 = 2*j + 4*r - 12. Suppose -d = 4 + 1, j*z - 4*d = 112. Is z a composite number?
False
Let u(n) = -2*n**3 - 12*n**2 - 8*n - 1. Is u(-9) prime?
True
Suppose -3 = 2*z - 1. Let j = 2 - z. Is j prime?
True
Let b(t) = t**2 - t + 2. Let d be b(0). Let x(u) = -41*u**3 + 4*u - 3. Let z be x(d). Let k = z + 574. Is k composite?
False
Suppose -2*x + 0*x + 8 = 0. Suppose 3*k + x*h = 83, -5*k + 4*k + 49 = -4*h. Is k composite?
True
Suppose -221 = -3*h + c + 1622, 1226 = 2*h - 2*c. Suppose -2*s + h = 3*s. Is s prime?
False
Let y(j) = -3*j + 1. Let u be y(3). Let g = u + 8. Suppose 4*m + m - 425 = g. Is m composite?
True
Let r(a) = -1 + 0*a + 6 - 8*a. Let z be 4/18 - 114/27. Is r(z) a prime number?
True
Suppose -n = b - 3*n - 1931, 5*b - 3*n - 9683 = 0. Is b a prime number?
False
Suppose 0 = -3*r - 9, -2*s - 2225 = -4*s - 3*r. Is s a prime number?
True
Suppose -3 + 53 = 5*q. Let b = -8 + 13. Suppose 0*t + b*t = q, -158 = -4*c - t. Is c a prime number?
False
Suppose -u + 3*n = -901, -2*u + 1824 = 8*n - 3*n. Is u a prime number?
True
Let b(r) = r**3 + 10 + 4*r**2 - 14 - 9*r + 3*r**2. Let l be b(-8). Suppose -l*h + 5*h = 119. Is h composite?
True
Suppose 2*d - 853 = -5*t, 2*t + 2098 = 5*d + 3*t. Is d composite?
False
Let p = 289 + -78. Is p a prime number?
True
Suppose -14 = -5*m - 4*f, f + 7 = 3*m + 2. Suppose g + 3*g + o - 17 = 0, -m*g + o = -13. Suppose 3 + 21 = 2*c - 2*h, -g*c + 51 = 4*h. Is c composite?
False
Let r = 114 - 71. Suppose -4*o + 2*o + 272 = 0. Suppose -2*y - o = -6*y + 4*g, 0 = y + 2*g - r. Is y composite?
False
Suppose 0 = -x + 2, 5*x + 0*x - 23 = -w. Suppose c + c = 5*a + w, -4*c + a + 17 = 0. Suppose 0 = 2*h - 10, -4*h + 719 = -b + c*b. Is b a composite number?
False
Let x(l) = 31*l**3 - l**2 - 5*l + 1. Is x(4) a composite number?
False
Let f = 3236 + -2085. Is f prime?
True
Is (1 - (-1 - -1))*43 composite?
False
Suppose 66 = 7*l - 4*l. Is l a prime number?
False
Let t(j) = -6*j**3 - 3*j - 1. Is t(-2) composite?
False
Let w = 2 - 0. Let i = w + 1. Is (-1 + (i - 1))*91 prime?
False
Suppose -z + i = 6*i - 126, 2*i = 4*z - 438. Is z prime?
False
Let p = -4 - -4. Suppose 5*b = 10 - p. Suppose -5 = -b*x + 17. Is x a prime number?
True
Suppose 140 = -f - 28. Let q = 17 - f. Is q composite?
True
Suppose -5*a = -4*g + 7, 1 = a + g - 3. Let n = 3 + a. Suppose -n*f + 23 + 117 = 0. Is f a composite number?
True
Suppose n - 6*n + 735 = 0. Let m = 8 + -5. Suppose -3*i + 114 = -m*z, 0*i - n = -4*i + 3*z. Is i composite?
True
Is 1/(2/(-4 - -510)) composite?
True
Let z = 5107 - 3474. Is z a prime number?
False
Let q = 5 - 5. Let o = 1 - 1. Suppose o = -v - q*v + 65. Is v a composite number?
True
Suppose 2*o + 2*v = 6, 2*o + v + 25 = 5*o. Suppose o*h = 4*h + 3, 2*f - 2*h = 32. Let x = 52 - f. Is x composite?
True
Let y = 7 - 5. Suppose 7*v - 55 = y*v. Is v composite?
False
Suppose 4*f - 90 = 34. Is f composite?
False
Suppose 4*d - 6*d + 2 = 0. Let n be (1 + d)/(-2) + -159. Is 6/(-6) - n/2 prime?
True
Let d be ((-10)/(-2))/(7/35). Let s(k) = 4*k + 2. Let c be s(2). Is (-15)/d - (-236)/c a prime number?
True
Let o(k) = -k + 163. Suppose 0 = -d + 4*n + 4, 7*n = 2*n - 5. Is o(d) composite?
False
Is (2 - (-393 - 2 - 3)) + 1 a prime number?
True
Suppose 0 = 3*i - 4*i - 108. Let l = -30 + 215. Let x = i + l. Is x a prime number?
False
Let l be (-17)/(-3) + 2/(-3). Let s(o) = 2*o**3 - 3*o**2 - 3*o + 1. Is s(l) prime?
False
Suppose -2*c - 25 = 2*s - 485, -464 = -2*s - 3*c. Is s prime?
False
Suppose -z = 16 - 114. Suppose 5*q - z = 3*q. Is q composite?
True
Suppose 2*a - 2*f - 22 = -5*f, 0 = 2*a + f - 14. Let k(i) = -i**3 + 6*i**2 - 4*i + 6. Is k